
List the prime factors of 630559.
630559
What are the prime factors of 1682093?
7, 103, 2333
What are the prime factors of 220250?
2, 5, 881
List the prime factors of 8659145.
5, 11, 313, 503
List the prime factors of 325001.
325001
What are the prime factors of 112421?
17, 389
List the prime factors of 333083.
397, 839
What are the prime factors of 658721?
7, 139, 677
List the prime factors of 1221931.
43, 157, 181
List the prime factors of 168822.
2, 3, 83, 113
List the prime factors of 1865383.
13, 43, 47, 71
List the prime factors of 4678375.
5, 13, 2879
What are the prime factors of 2751278?
2, 1375639
What are the prime factors of 1658368?
2, 41, 79
List the prime factors of 11364276.
2, 3, 7, 11, 251
What are the prime factors of 116217?
3, 37, 349
What are the prime factors of 77682?
2, 3, 11, 107
List the prime factors of 183540.
2, 3, 5, 7, 19, 23
What are the prime factors of 739436?
2, 184859
What are the prime factors of 122859?
3, 11, 17, 73
What are the prime factors of 4016586?
2, 3, 7, 95633
List the prime factors of 3571999.
3571999
What are the prime factors of 1906109?
1906109
List the prime factors of 303089.
303089
What are the prime factors of 136092?
2, 3, 11, 1031
List the prime factors of 556430.
2, 5, 7, 7949
List the prime factors of 6508794.
2, 3, 1084799
List the prime factors of 3019446.
2, 3, 167747
List the prime factors of 2028331.
251, 8081
List the prime factors of 436483.
436483
What are the prime factors of 176748?
2, 3, 11, 13, 103
List the prime factors of 732473.
7, 104639
List the prime factors of 1184365.
5, 7, 13, 19, 137
List the prime factors of 3002788.
2, 23, 127, 257
What are the prime factors of 498220?
2, 5, 29, 859
What are the prime factors of 2564088?
2, 3, 19, 5623
List the prime factors of 692499.
3, 230833
List the prime factors of 1535788.
2, 43, 8929
What are the prime factors of 226163?
7, 32309
What are the prime factors of 31753?
113, 281
List the prime factors of 47914.
2, 23957
List the prime factors of 309824.
2, 47, 103
What are the prime factors of 36633293?
29, 37, 34141
What are the prime factors of 1534554?
2, 3, 7, 19, 641
What are the prime factors of 255746?
2, 127873
What are the prime factors of 52140?
2, 3, 5, 11, 79
List the prime factors of 905348.
2, 226337
What are the prime factors of 306621?
3, 7, 31, 157
What are the prime factors of 1465719?
3, 488573
List the prime factors of 232067.
11, 17, 73
What are the prime factors of 2057335?
5, 7, 43, 1367
What are the prime factors of 18073338?
2, 3, 3012223
What are the prime factors of 661417?
661417
List the prime factors of 483928.
2, 241, 251
List the prime factors of 225915.
3, 5, 15061
List the prime factors of 1010009.
7, 11, 13, 1009
What are the prime factors of 111404?
2, 27851
List the prime factors of 594247.
193, 3079
List the prime factors of 14976650.
2, 5, 13, 23041
List the prime factors of 2893190.
2, 5, 289319
List the prime factors of 25167702.
2, 3, 7, 599231
What are the prime factors of 2289756?
2, 3, 7, 27259
What are the prime factors of 257060?
2, 5, 12853
What are the prime factors of 12074010?
2, 3, 5, 13, 83, 373
What are the prime factors of 8204130?
2, 3, 5, 11, 8287
List the prime factors of 14253521.
31, 459791
What are the prime factors of 13594137?
3, 4531379
List the prime factors of 43154.
2, 21577
List the prime factors of 1513538.
2, 13, 23, 2531
What are the prime factors of 108983?
7, 15569
List the prime factors of 2460747.
3, 19, 23, 1877
List the prime factors of 75161.
75161
List the prime factors of 2162769.
3, 7, 181, 569
List the prime factors of 180334.
2, 7, 11, 1171
What are the prime factors of 4511755?
5, 902351
What are the prime factors of 365864?
2, 19, 29, 83
What are the prime factors of 783318?
2, 3, 130553
List the prime factors of 3752207.
37, 101411
List the prime factors of 11503395.
3, 5, 101, 2531
List the prime factors of 133063.
7, 19009
What are the prime factors of 67856?
2, 4241
List the prime factors of 294569.
11, 61, 439
List the prime factors of 1946360.
2, 5, 13, 19, 197
What are the prime factors of 10106734?
2, 11, 459397
List the prime factors of 1528253.
1528253
List the prime factors of 108244.
2, 27061
List the prime factors of 530566.
2, 311, 853
What are the prime factors of 247305?
3, 5, 16487
List the prime factors of 647009.
11, 131, 449
What are the prime factors of 14571485?
5, 29, 100493
What are the prime factors of 17357403?
3, 7, 37, 89, 251
What are the prime factors of 234176?
2, 3659
What are the prime factors of 1315866?
2, 3, 219311
List the prime factors of 521748.
2, 3, 4831
List the prime factors of 5522501.
17, 97, 197
What are the prime factors of 244725?
3, 5, 13, 251
What are the prime factors of 1048647?
3, 293, 1193
What are the prime factors of 2901135?
3, 5, 17, 31, 367
What are the prime factors of 38605?
5, 7, 1103
List the prime factors of 260303.
149, 1747
List the prime factors of 12257586.
2, 3, 11, 31, 1997
List the prime factors of 42938.
2, 7, 3067
List the prime factors of 181329.
3, 60443
List the prime factors of 99291.
3, 23, 1439
List the prime factors of 427037.
13, 107, 307
What are the prime factors of 187994?
2, 93997
List the prime factors of 7001441.
29, 241429
List the prime factors of 1239304.
2, 11, 14083
What are the prime factors of 261063?
3, 11, 293
What are the prime factors of 945986?
2, 472993
What are the prime factors of 11761895?
5, 199, 11821
What are the prime factors of 6234302?
2, 3117151
List the prime factors of 802007.
802007
List the prime factors of 260650.
2, 5, 13, 401
What are the prime factors of 19339514?
2, 191, 50627
List the prime factors of 175563.
3, 19507
What are the prime factors of 2505953?
17, 147409
List the prime factors of 332524.
2, 59, 1409
List the prime factors of 2597940.
2, 3, 5, 17, 283
List the prime factors of 534451.
19, 23, 1223
List the prime factors of 491302.
2, 7, 19, 1847
List the prime factors of 440793.
3, 17, 43, 67
What are the prime factors of 510542?
2, 397, 643
What are the prime factors of 1324508?
2, 331127
List the prime factors of 1409212.
2, 7, 50329
List the prime factors of 32729665.
5, 43, 152231
What are the prime factors of 14572550?
2, 5, 379, 769
What are the prime factors of 2875882?
2, 991, 1451
What are the prime factors of 2892584?
2, 17, 21269
List the prime factors of 110196.
2, 3, 3061
List the prime factors of 5473766.
2, 67, 40849
List the prime factors of 387722.
2, 193861
What are the prime factors of 1684037?
17, 23, 59, 73
What are the prime factors of 2290176?
2, 3, 7, 71
List the prime factors of 7887258.
2, 3, 47, 9323
List the prime factors of 21114833.
17, 19, 65371
List the prime factors of 1936768.
2, 15131
List the prime factors of 103200.
2, 3, 5, 43
List the prime factors of 11415715.
5, 557, 4099
What are the prime factors of 81336?
2, 3, 3389
What are the prime factors of 5017840?
2, 5, 62723
List the prime factors of 67615.
5, 13523
List the prime factors of 372952.
2, 46619
What are the prime factors of 131307?
3, 11, 23, 173
List the prime factors of 2008343.
2008343
What are the prime factors of 278223?
3, 11, 8431
List the prime factors of 513649.
513649
List the prime factors of 257730.
2, 3, 5, 11, 71
List the prime factors of 3924505.
5, 13, 173, 349
What are the prime factors of 95506?
2, 17, 53
List the prime factors of 13472957.
19, 131, 5413
What are the prime factors of 134687?
7, 71, 271
What are the prime factors of 1569955?
5, 313991
List the prime factors of 3463376.
2, 7, 17, 107
List the prime factors of 315653.
13, 24281
What are the prime factors of 76948?
2, 19237
What are the prime factors of 559420?
2, 5, 83, 337
What are the prime factors of 2602648?
2, 263, 1237
List the prime factors of 1630585.
5, 11, 23, 1289
What are the prime factors of 6658645?
5, 7, 17, 19, 31
List the prime factors of 304362.
2, 3, 37, 457
What are the prime factors of 387294?
2, 3, 17, 3797
What are the prime factors of 6690337?
19, 352123
What are the prime factors of 150848?
2, 2357
What are the prime factors of 15557126?
2, 13, 46027
List the prime factors of 24387671.
7, 11, 28793
List the prime factors of 6839155.
5, 1367831
List the prime factors of 909064.
2, 13, 8741
List the pr